{"id":160,"date":"2018-06-11T11:09:20","date_gmt":"2018-06-11T09:09:20","guid":{"rendered":"http:\/\/vps801176.ovh.net\/?page_id=160"},"modified":"2018-06-28T17:47:22","modified_gmt":"2018-06-28T15:47:22","slug":"les-producteurs","status":"publish","type":"page","link":"http:\/\/culturesdavenir.fr\/index.php\/les-producteurs\/","title":{"rendered":"Les producteurs"},"content":{"rendered":"\t\t<div data-elementor-type=\"wp-post\" data-elementor-id=\"160\" class=\"elementor elementor-160 elementor-bc-flex-widget\">\n\t\t\t\t\t\t<div class=\"elementor-inner\">\n\t\t\t\t<div class=\"elementor-section-wrap\">\n\t\t\t\t\t\t\t\t\t<section class=\"elementor-section elementor-top-section elementor-element elementor-element-60dcf541 elementor-section-content-middle elementor-section-boxed elementor-section-height-default elementor-section-height-default\" data-id=\"60dcf541\" data-element_type=\"section\">\n\t\t\t\t\t\t<div class=\"elementor-container elementor-column-gap-no\">\n\t\t\t\t\t\t\t<div class=\"elementor-row\">\n\t\t\t\t\t<div class=\"elementor-column elementor-col-100 elementor-top-column elementor-element elementor-element-418dfc08\" data-id=\"418dfc08\" data-element_type=\"column\">\n\t\t\t<div class=\"elementor-column-wrap elementor-element-populated\">\n\t\t\t\t\t\t\t<div class=\"elementor-widget-wrap\">\n\t\t\t\t\t\t<div class=\"elementor-element elementor-element-334ce04f elementor-widget elementor-widget-heading\" data-id=\"334ce04f\" data-element_type=\"widget\" data-widget_type=\"heading.default\">\n\t\t\t\t<div class=\"elementor-widget-container\">\n\t\t\t<h4 class=\"elementor-heading-title elementor-size-default\">Nos paysans producteurs<\/h4>\t\t<\/div>\n\t\t\t\t<\/div>\n\t\t\t\t<section class=\"elementor-section elementor-inner-section elementor-element elementor-element-3d67326f elementor-section-boxed elementor-section-height-default elementor-section-height-default\" data-id=\"3d67326f\" data-element_type=\"section\">\n\t\t\t\t\t\t<div class=\"elementor-container elementor-column-gap-default\">\n\t\t\t\t\t\t\t<div class=\"elementor-row\">\n\t\t\t\t\t<div class=\"elementor-column elementor-col-100 elementor-inner-column elementor-element elementor-element-60a976\" data-id=\"60a976\" data-element_type=\"column\">\n\t\t\t<div class=\"elementor-column-wrap elementor-element-populated\">\n\t\t\t\t\t\t\t<div class=\"elementor-widget-wrap\">\n\t\t\t\t\t\t<div class=\"elementor-element elementor-element-736e289e elementor-widget elementor-widget-testimonial\" data-id=\"736e289e\" data-element_type=\"widget\" data-widget_type=\"testimonial.default\">\n\t\t\t\t<div class=\"elementor-widget-container\">\n\t\t\t\t\t<div class=\"elementor-testimonial-wrapper\">\n\t\t\t\t\t\t\t<div class=\"elementor-testimonial-content\">Cultures d'avenir travaille en \u00e9troite collaboration avec M\u00e9ghann et Tamara Christen qui g\u00e8rent la ferme \"Aux soeurs des champs\" \u00e0 Inglange (15 min de Yutz). Elles sont \u00e0 l'origine de la cr\u00e9ation de l'Amap, mode de distribution qui correspond \u00e0 leur engagement pour l'agriculture biologique. \u200b<\/div>\n\t\t\t\n\t\t\t\t\t\t<div class=\"elementor-testimonial-meta elementor-has-image elementor-testimonial-image-position-aside\">\n\t\t\t\t<div class=\"elementor-testimonial-meta-inner\">\n\t\t\t\t\t\t\t\t\t\t\t<div class=\"elementor-testimonial-image\">\n\t\t\t\t\t\t\t<a href=\"index.php\/aux-soeurs-des-champs\/\"><img width=\"200\" height=\"200\" src=\"http:\/\/culturesdavenir.fr\/wp-content\/uploads\/2018\/06\/5ad09cbb1586a.png\" class=\"attachment-full size-full\" alt=\"\" loading=\"lazy\" \/><\/a>\t\t\t\t\t\t<\/div>\n\t\t\t\t\t\n\t\t\t\t\t\t\t\t\t\t<div class=\"elementor-testimonial-details\">\n\t\t\t\t\t\t\t\t\t\t\t\t\t\t<a class=\"elementor-testimonial-name\" href=\"index.php\/aux-soeurs-des-champs\/\">Aux soeurs des champs<\/a>\n\t\t\t\t\t\t\t\t\t\t\t\t\t\t\t\t\t\t\t\t\t\t<a class=\"elementor-testimonial-job\" href=\"index.php\/aux-soeurs-des-champs\/\">Mara\u00eech\u00e8res<\/a>\n\t\t\t\t\t\t\t\t\t\t\t\t\t<\/div>\n\t\t\t\t\t\t\t\t\t<\/div>\n\t\t\t<\/div>\n\t\t\t\t\t<\/div>\n\t\t\t\t<\/div>\n\t\t\t\t<\/div>\n\t\t\t\t\t\t<\/div>\n\t\t\t\t\t<\/div>\n\t\t<\/div>\n\t\t\t\t\t\t\t\t<\/div>\n\t\t\t\t\t<\/div>\n\t\t<\/section>\n\t\t\t\t<section class=\"elementor-section elementor-inner-section elementor-element elementor-element-fcf096d elementor-section-boxed elementor-section-height-default elementor-section-height-default\" data-id=\"fcf096d\" data-element_type=\"section\">\n\t\t\t\t\t\t<div class=\"elementor-container elementor-column-gap-default\">\n\t\t\t\t\t\t\t<div class=\"elementor-row\">\n\t\t\t\t\t<div class=\"elementor-column elementor-col-100 elementor-inner-column elementor-element elementor-element-4f924111\" data-id=\"4f924111\" data-element_type=\"column\">\n\t\t\t<div class=\"elementor-column-wrap elementor-element-populated\">\n\t\t\t\t\t\t\t<div class=\"elementor-widget-wrap\">\n\t\t\t\t\t\t<div class=\"elementor-element elementor-element-683b1618 elementor-widget elementor-widget-testimonial\" data-id=\"683b1618\" data-element_type=\"widget\" data-widget_type=\"testimonial.default\">\n\t\t\t\t<div class=\"elementor-widget-container\">\n\t\t\t\t\t<div class=\"elementor-testimonial-wrapper\">\n\t\t\t\t\t\t\t<div class=\"elementor-testimonial-content\">Pour la fourniture des produits laitiers nous avons d\u00e9cid\u00e9 de faire appel \u00e0 la ferme Blad. Pas encore en agriculture biologique mais d\u00e9termin\u00e9s \u00e0 produire de main\u00e8re raisonn\u00e9e Mr et Mme Blad vous proposent yaourts, fromages et autres produits laitiers en provenance de Dodenom (Moselle)<\/div>\n\t\t\t\n\t\t\t\t\t\t<div class=\"elementor-testimonial-meta elementor-has-image elementor-testimonial-image-position-aside\">\n\t\t\t\t<div class=\"elementor-testimonial-meta-inner\">\n\t\t\t\t\t\t\t\t\t\t\t<div class=\"elementor-testimonial-image\">\n\t\t\t\t\t\t\t<a href=\"index.php\/ferme-blad\/\"><img width=\"720\" height=\"960\" src=\"http:\/\/culturesdavenir.fr\/wp-content\/uploads\/2018\/06\/FB_IMG_1530180617634.jpg\" class=\"attachment-full size-full\" alt=\"\" loading=\"lazy\" \/><\/a>\t\t\t\t\t\t<\/div>\n\t\t\t\t\t\n\t\t\t\t\t\t\t\t\t\t<div class=\"elementor-testimonial-details\">\n\t\t\t\t\t\t\t\t\t\t\t\t\t\t<a class=\"elementor-testimonial-name\" href=\"index.php\/ferme-blad\/\">\u00c9levage BLAD<\/a>\n\t\t\t\t\t\t\t\t\t\t\t\t\t\t\t\t\t\t\t\t\t\t<a class=\"elementor-testimonial-job\" href=\"index.php\/ferme-blad\/\">Elevage bovin et caprin<\/a>\n\t\t\t\t\t\t\t\t\t\t\t\t\t<\/div>\n\t\t\t\t\t\t\t\t\t<\/div>\n\t\t\t<\/div>\n\t\t\t\t\t<\/div>\n\t\t\t\t<\/div>\n\t\t\t\t<\/div>\n\t\t\t\t\t\t<\/div>\n\t\t\t\t\t<\/div>\n\t\t<\/div>\n\t\t\t\t\t\t\t\t<\/div>\n\t\t\t\t\t<\/div>\n\t\t<\/section>\n\t\t\t\t<section class=\"elementor-section elementor-inner-section elementor-element elementor-element-7dfe313e elementor-section-boxed elementor-section-height-default elementor-section-height-default\" data-id=\"7dfe313e\" data-element_type=\"section\">\n\t\t\t\t\t\t<div class=\"elementor-container elementor-column-gap-default\">\n\t\t\t\t\t\t\t<div class=\"elementor-row\">\n\t\t\t\t\t<div class=\"elementor-column elementor-col-100 elementor-inner-column elementor-element elementor-element-13da746a\" data-id=\"13da746a\" data-element_type=\"column\">\n\t\t\t<div class=\"elementor-column-wrap elementor-element-populated\">\n\t\t\t\t\t\t\t<div class=\"elementor-widget-wrap\">\n\t\t\t\t\t\t<div class=\"elementor-element elementor-element-e71e244 elementor-widget elementor-widget-testimonial\" data-id=\"e71e244\" data-element_type=\"widget\" data-widget_type=\"testimonial.default\">\n\t\t\t\t<div class=\"elementor-widget-container\">\n\t\t\t\t\t<div class=\"elementor-testimonial-wrapper\">\n\t\t\t\t\t\t\t<div class=\"elementor-testimonial-content\">Nous nous sommes tourn\u00e9s vers la ferme du Jeune Ch\u00eane \u00e0 Distroff pour la fourniture du viande bovine bio<\/div>\n\t\t\t\n\t\t\t\t\t\t<div class=\"elementor-testimonial-meta elementor-has-image elementor-testimonial-image-position-aside\">\n\t\t\t\t<div class=\"elementor-testimonial-meta-inner\">\n\t\t\t\t\t\t\t\t\t\t\t<div class=\"elementor-testimonial-image\">\n\t\t\t\t\t\t\t<a href=\"index.php\/ferme-du-jeune-chene\/\"><img width=\"960\" height=\"720\" src=\"http:\/\/culturesdavenir.fr\/wp-content\/uploads\/2018\/06\/FB_IMG_1530180574699.jpg\" class=\"attachment-full size-full\" alt=\"\" loading=\"lazy\" \/><\/a>\t\t\t\t\t\t<\/div>\n\t\t\t\t\t\n\t\t\t\t\t\t\t\t\t\t<div class=\"elementor-testimonial-details\">\n\t\t\t\t\t\t\t\t\t\t\t\t\t\t<a class=\"elementor-testimonial-name\" href=\"index.php\/ferme-du-jeune-chene\/\">Ferme du Jeune Ch\u00eane<\/a>\n\t\t\t\t\t\t\t\t\t\t\t\t\t\t\t\t\t\t\t\t\t\t<a class=\"elementor-testimonial-job\" href=\"index.php\/ferme-du-jeune-chene\/\">Eleveur bovin<\/a>\n\t\t\t\t\t\t\t\t\t\t\t\t\t<\/div>\n\t\t\t\t\t\t\t\t\t<\/div>\n\t\t\t<\/div>\n\t\t\t\t\t<\/div>\n\t\t\t\t<\/div>\n\t\t\t\t<\/div>\n\t\t\t\t\t\t<\/div>\n\t\t\t\t\t<\/div>\n\t\t<\/div>\n\t\t\t\t\t\t\t\t<\/div>\n\t\t\t\t\t<\/div>\n\t\t<\/section>\n\t\t\t\t<section class=\"elementor-section elementor-inner-section elementor-element elementor-element-3ee3136 elementor-section-boxed elementor-section-height-default elementor-section-height-default\" data-id=\"3ee3136\" data-element_type=\"section\">\n\t\t\t\t\t\t<div class=\"elementor-container elementor-column-gap-default\">\n\t\t\t\t\t\t\t<div class=\"elementor-row\">\n\t\t\t\t\t<div class=\"elementor-column elementor-col-100 elementor-inner-column elementor-element elementor-element-4d5901e4\" data-id=\"4d5901e4\" data-element_type=\"column\">\n\t\t\t<div class=\"elementor-column-wrap elementor-element-populated\">\n\t\t\t\t\t\t\t<div class=\"elementor-widget-wrap\">\n\t\t\t\t\t\t<div class=\"elementor-element elementor-element-610b58a7 elementor-widget elementor-widget-testimonial\" data-id=\"610b58a7\" data-element_type=\"widget\" data-widget_type=\"testimonial.default\">\n\t\t\t\t<div class=\"elementor-widget-container\">\n\t\t\t\t\t<div class=\"elementor-testimonial-wrapper\">\n\t\t\t\t\t\t\t<div class=\"elementor-testimonial-content\">Depuis fin 2015, apr\u00e8s trois ann\u00e9es de brassage dans le garage de la maison familiale \u00e0 Dalstein,  la brasserie R\u00e9gal'Potes a \u00e9lu domicile \u00e0 Neudorf, annexe du petit village de Bibiche, au sein du pays de la Nied, en Moselle.\nC'est dans une ancienne \u00e9table \u00e0 vaches laitieres que les diff\u00e9rentes bi\u00e8res sont \u00e9labor\u00e9es, brass\u00e9es et conditionn\u00e9es.  \n<\/div>\n\t\t\t\n\t\t\t\t\t\t<div class=\"elementor-testimonial-meta elementor-has-image elementor-testimonial-image-position-aside\">\n\t\t\t\t<div class=\"elementor-testimonial-meta-inner\">\n\t\t\t\t\t\t\t\t\t\t\t<div class=\"elementor-testimonial-image\">\n\t\t\t\t\t\t\t<a href=\"index.php\/regalpotes\/\"><img width=\"300\" height=\"300\" src=\"http:\/\/culturesdavenir.fr\/wp-content\/uploads\/2018\/06\/96e08fcc-300x300.jpg\" class=\"attachment-post-thumbnail size-post-thumbnail\" alt=\"\" loading=\"lazy\" \/><\/a>\t\t\t\t\t\t<\/div>\n\t\t\t\t\t\n\t\t\t\t\t\t\t\t\t\t<div class=\"elementor-testimonial-details\">\n\t\t\t\t\t\t\t\t\t\t\t\t\t\t<a class=\"elementor-testimonial-name\" href=\"index.php\/regalpotes\/\">Regal'potes<\/a>\n\t\t\t\t\t\t\t\t\t\t\t\t\t\t\t\t\t\t\t\t\t\t<a class=\"elementor-testimonial-job\" href=\"index.php\/regalpotes\/\">Brasserie<\/a>\n\t\t\t\t\t\t\t\t\t\t\t\t\t<\/div>\n\t\t\t\t\t\t\t\t\t<\/div>\n\t\t\t<\/div>\n\t\t\t\t\t<\/div>\n\t\t\t\t<\/div>\n\t\t\t\t<\/div>\n\t\t\t\t\t\t<\/div>\n\t\t\t\t\t<\/div>\n\t\t<\/div>\n\t\t\t\t\t\t\t\t<\/div>\n\t\t\t\t\t<\/div>\n\t\t<\/section>\n\t\t\t\t\t\t<\/div>\n\t\t\t\t\t<\/div>\n\t\t<\/div>\n\t\t\t\t\t\t\t\t<\/div>\n\t\t\t\t\t<\/div>\n\t\t<\/section>\n\t\t\t\t\t\t\t\t\t<\/div>\n\t\t\t<\/div>\n\t\t\t\t\t<\/div>\n\t\t","protected":false},"excerpt":{"rendered":"<p>http:\/\/vps801176.ovh.net\/?page_id=160<\/p>\n","protected":false},"author":1,"featured_media":0,"parent":0,"menu_order":0,"comment_status":"closed","ping_status":"closed","template":"template-parts\/template-homepage.php","meta":[],"_links":{"self":[{"href":"http:\/\/culturesdavenir.fr\/index.php\/wp-json\/wp\/v2\/pages\/160"}],"collection":[{"href":"http:\/\/culturesdavenir.fr\/index.php\/wp-json\/wp\/v2\/pages"}],"about":[{"href":"http:\/\/culturesdavenir.fr\/index.php\/wp-json\/wp\/v2\/types\/page"}],"author":[{"embeddable":true,"href":"http:\/\/culturesdavenir.fr\/index.php\/wp-json\/wp\/v2\/users\/1"}],"replies":[{"embeddable":true,"href":"http:\/\/culturesdavenir.fr\/index.php\/wp-json\/wp\/v2\/comments?post=160"}],"version-history":[{"count":6,"href":"http:\/\/culturesdavenir.fr\/index.php\/wp-json\/wp\/v2\/pages\/160\/revisions"}],"predecessor-version":[{"id":250,"href":"http:\/\/culturesdavenir.fr\/index.php\/wp-json\/wp\/v2\/pages\/160\/revisions\/250"}],"wp:attachment":[{"href":"http:\/\/culturesdavenir.fr\/index.php\/wp-json\/wp\/v2\/media?parent=160"}],"curies":[{"name":"wp","href":"https:\/\/api.w.org\/{rel}","templated":true}]}}

<div data-elementor-type="wp-post" data-elementor-id="160" class="elementor elementor-160 elementor-bc-flex-widget">
						<div class="elementor-inner">
				<div class="elementor-section-wrap">
									<section class="elementor-section elementor-top-section elementor-element elementor-element-60dcf541 elementor-section-content-middle elementor-section-boxed elementor-section-height-default elementor-section-height-default" data-id="60dcf541" data-element_type="section">
						<div class="elementor-container elementor-column-gap-no">
							<div class="elementor-row">
					<div class="elementor-column elementor-col-100 elementor-top-column elementor-element elementor-element-418dfc08" data-id="418dfc08" data-element_type="column">
			<div class="elementor-column-wrap elementor-element-populated">
							<div class="elementor-widget-wrap">
						<div class="elementor-element elementor-element-334ce04f elementor-widget elementor-widget-heading" data-id="334ce04f" data-element_type="widget" data-widget_type="heading.default">
				<div class="elementor-widget-container">
			<h4 class="elementor-heading-title elementor-size-default">Nos paysans producteurs</h4>		</div>
				</div>
				<section class="elementor-section elementor-inner-section elementor-element elementor-element-3d67326f elementor-section-boxed elementor-section-height-default elementor-section-height-default" data-id="3d67326f" data-element_type="section">
						<div class="elementor-container elementor-column-gap-default">
							<div class="elementor-row">
					<div class="elementor-column elementor-col-100 elementor-inner-column elementor-element elementor-element-60a976" data-id="60a976" data-element_type="column">
			<div class="elementor-column-wrap elementor-element-populated">
							<div class="elementor-widget-wrap">
						<div class="elementor-element elementor-element-736e289e elementor-widget elementor-widget-testimonial" data-id="736e289e" data-element_type="widget" data-widget_type="testimonial.default">
				<div class="elementor-widget-container">
					<div class="elementor-testimonial-wrapper">
							<div class="elementor-testimonial-content">Cultures d'avenir travaille en étroite collaboration avec Méghann et Tamara Christen qui gèrent la ferme "Aux soeurs des champs" à Inglange (15 min de Yutz). Elles sont à l'origine de la création de l'Amap, mode de distribution qui correspond à leur engagement pour l'agriculture biologique. ​</div>
			
						<div class="elementor-testimonial-meta elementor-has-image elementor-testimonial-image-position-aside">
				<div class="elementor-testimonial-meta-inner">
											<div class="elementor-testimonial-image">
							<a href="index.php/aux-soeurs-des-champs/"><img width="200" height="200" src="http://culturesdavenir.fr/wp-content/uploads/2018/06/5ad09cbb1586a.png" class="attachment-full size-full" alt="" loading="lazy" /></a>						</div>
					
										<div class="elementor-testimonial-details">
														<a class="elementor-testimonial-name" href="index.php/aux-soeurs-des-champs/">Aux soeurs des champs</a>
																						<a class="elementor-testimonial-job" href="index.php/aux-soeurs-des-champs/">Maraîchères</a>
													</div>
									</div>
			</div>
					</div>
				</div>
				</div>
						</div>
					</div>
		</div>
								</div>
					</div>
		</section>
				<section class="elementor-section elementor-inner-section elementor-element elementor-element-fcf096d elementor-section-boxed elementor-section-height-default elementor-section-height-default" data-id="fcf096d" data-element_type="section">
						<div class="elementor-container elementor-column-gap-default">
							<div class="elementor-row">
					<div class="elementor-column elementor-col-100 elementor-inner-column elementor-element elementor-element-4f924111" data-id="4f924111" data-element_type="column">
			<div class="elementor-column-wrap elementor-element-populated">
							<div class="elementor-widget-wrap">
						<div class="elementor-element elementor-element-683b1618 elementor-widget elementor-widget-testimonial" data-id="683b1618" data-element_type="widget" data-widget_type="testimonial.default">
				<div class="elementor-widget-container">
					<div class="elementor-testimonial-wrapper">
							<div class="elementor-testimonial-content">Pour la fourniture des produits laitiers nous avons décidé de faire appel à la ferme Blad. Pas encore en agriculture biologique mais déterminés à produire de mainère raisonnée Mr et Mme Blad vous proposent yaourts, fromages et autres produits laitiers en provenance de Dodenom (Moselle)</div>
			
						<div class="elementor-testimonial-meta elementor-has-image elementor-testimonial-image-position-aside">
				<div class="elementor-testimonial-meta-inner">
											<div class="elementor-testimonial-image">
							<a href="index.php/ferme-blad/"><img width="720" height="960" src="http://culturesdavenir.fr/wp-content/uploads/2018/06/FB_IMG_1530180617634.jpg" class="attachment-full size-full" alt="" loading="lazy" /></a>						</div>
					
										<div class="elementor-testimonial-details">
														<a class="elementor-testimonial-name" href="index.php/ferme-blad/">Élevage BLAD</a>
																						<a class="elementor-testimonial-job" href="index.php/ferme-blad/">Elevage bovin et caprin</a>
													</div>
									</div>
			</div>
					</div>
				</div>
				</div>
						</div>
					</div>
		</div>
								</div>
					</div>
		</section>
				<section class="elementor-section elementor-inner-section elementor-element elementor-element-7dfe313e elementor-section-boxed elementor-section-height-default elementor-section-height-default" data-id="7dfe313e" data-element_type="section">
						<div class="elementor-container elementor-column-gap-default">
							<div class="elementor-row">
					<div class="elementor-column elementor-col-100 elementor-inner-column elementor-element elementor-element-13da746a" data-id="13da746a" data-element_type="column">
			<div class="elementor-column-wrap elementor-element-populated">
							<div class="elementor-widget-wrap">
						<div class="elementor-element elementor-element-e71e244 elementor-widget elementor-widget-testimonial" data-id="e71e244" data-element_type="widget" data-widget_type="testimonial.default">
				<div class="elementor-widget-container">
					<div class="elementor-testimonial-wrapper">
							<div class="elementor-testimonial-content">Nous nous sommes tournés vers la ferme du Jeune Chêne à Distroff pour la fourniture du viande bovine bio</div>
			
						<div class="elementor-testimonial-meta elementor-has-image elementor-testimonial-image-position-aside">
				<div class="elementor-testimonial-meta-inner">
											<div class="elementor-testimonial-image">
							<a href="index.php/ferme-du-jeune-chene/"><img width="960" height="720" src="http://culturesdavenir.fr/wp-content/uploads/2018/06/FB_IMG_1530180574699.jpg" class="attachment-full size-full" alt="" loading="lazy" /></a>						</div>
					
										<div class="elementor-testimonial-details">
														<a class="elementor-testimonial-name" href="index.php/ferme-du-jeune-chene/">Ferme du Jeune Chêne</a>
																						<a class="elementor-testimonial-job" href="index.php/ferme-du-jeune-chene/">Eleveur bovin</a>
													</div>
									</div>
			</div>
					</div>
				</div>
				</div>
						</div>
					</div>
		</div>
								</div>
					</div>
		</section>
				<section class="elementor-section elementor-inner-section elementor-element elementor-element-3ee3136 elementor-section-boxed elementor-section-height-default elementor-section-height-default" data-id="3ee3136" data-element_type="section">
						<div class="elementor-container elementor-column-gap-default">
							<div class="elementor-row">
					<div class="elementor-column elementor-col-100 elementor-inner-column elementor-element elementor-element-4d5901e4" data-id="4d5901e4" data-element_type="column">
			<div class="elementor-column-wrap elementor-element-populated">
							<div class="elementor-widget-wrap">
						<div class="elementor-element elementor-element-610b58a7 elementor-widget elementor-widget-testimonial" data-id="610b58a7" data-element_type="widget" data-widget_type="testimonial.default">
				<div class="elementor-widget-container">
					<div class="elementor-testimonial-wrapper">
							<div class="elementor-testimonial-content">Depuis fin 2015, après trois années de brassage dans le garage de la maison familiale à Dalstein,  la brasserie Régal'Potes a élu domicile à Neudorf, annexe du petit village de Bibiche, au sein du pays de la Nied, en Moselle.
C'est dans une ancienne étable à vaches laitieres que les différentes bières sont élaborées, brassées et conditionnées.  
</div>
			
						<div class="elementor-testimonial-meta elementor-has-image elementor-testimonial-image-position-aside">
				<div class="elementor-testimonial-meta-inner">
											<div class="elementor-testimonial-image">
							<a href="index.php/regalpotes/"><img width="300" height="300" src="http://culturesdavenir.fr/wp-content/uploads/2018/06/96e08fcc-300x300.jpg" class="attachment-post-thumbnail size-post-thumbnail" alt="" loading="lazy" /></a>						</div>
					
										<div class="elementor-testimonial-details">
														<a class="elementor-testimonial-name" href="index.php/regalpotes/">Regal'potes</a>
																						<a class="elementor-testimonial-job" href="index.php/regalpotes/">Brasserie</a>
													</div>
									</div>
			</div>
					</div>
				</div>
				</div>
						</div>
					</div>
		</div>
								</div>
					</div>
		</section>
						</div>
					</div>
		</div>
								</div>
					</div>
		</section>
									</div>
			</div>
					</div>
